{"id":4702,"date":"2022-10-09T17:33:06","date_gmt":"2022-10-09T15:33:06","guid":{"rendered":"https:\/\/hotel-gaedi.ch\/mentions-legales\/"},"modified":"2026-04-16T19:48:56","modified_gmt":"2026-04-16T17:48:56","slug":"mentions-legales","status":"publish","type":"page","link":"https:\/\/hotel-gaedi.ch\/fr\/mentions-legales\/","title":{"rendered":"Mentions l\u00e9gales"},"content":{"rendered":"\n<div class=\"wp-block-group container introtext-centered-sun-icon-title\"><div class=\"wp-block-group__inner-container is-layout-flow wp-block-group-is-layout-flow\">\n<div class=\"wp-block-columns row is-layout-flex wp-container-core-columns-is-layout-9d6595d7 wp-block-columns-is-layout-flex\">\n<div class=\"wp-block-column col-12 is-layout-flow wp-block-column-is-layout-flow\">\n<h1 class=\"wp-block-heading\">Mentions l\u00e9gales<\/h1>\n\n\n\n<p>Derri\u00e8re l&rsquo;offre \u00ab\u00a0Hotel G\u00e4di\u00a0\u00bb se trouve la soci\u00e9t\u00e9<\/p>\n\n\n\n<p>H\u00f4tel G\u00e4di AG<\/p>\n\n\n\n<p>Martin Brigger &amp; M\u00e9lanie Williner<br\/>H\u00f4tel G\u00e4di<br\/>B\u00e4rglistrasse 466<br\/>3925 Gr\u00e4chen<br\/>Suisse<\/p>\n\n\n\n<p><a href=\"mailto:info@hotel-gaedi.ch\">info@hotel-gaedi.ch<\/a><\/p>\n\n\n\n<p><strong>Inscription au registre du commerce<\/strong><\/p>\n\n\n\n<p>Nom de l&rsquo;entreprise enregistr\u00e9e : Hotel G\u00e4di AG<br\/>Num\u00e9ro : CH-600.3.020.382-0<br\/>Office du registre du commerce : Vi\u00e8ge<br\/>Num\u00e9ro de TVA CHE-275.649.616<\/p>\n\n\n\n<p><strong>Photos<\/strong><br\/><em>\u00a9 Valais\/Wallis Promotion<\/em><br\/><em>H\u00f4tel G\u00e4di Gr\u00e4chen<\/em><\/p>\n<\/div>\n<\/div>\n<\/div><\/div>\n","protected":false},"excerpt":{"rendered":"<p>Mentions l\u00e9gales Derri\u00e8re l&rsquo;offre \u00ab\u00a0Hotel G\u00e4di\u00a0\u00bb se trouve la soci\u00e9t\u00e9 H\u00f4tel G\u00e4di AG Martin Brigger &amp; M\u00e9lanie WillinerH\u00f4tel G\u00e4diB\u00e4rglistrasse 4663925 Gr\u00e4chenSuisse info@hotel-gaedi.ch Inscription au registre du commerce Nom de l&rsquo;entreprise enregistr\u00e9e : Hotel G\u00e4di AGNum\u00e9ro : CH-600.3.020.382-0Office du registre du commerce : Vi\u00e8geNum\u00e9ro de TVA CHE-275.649.616 Photos\u00a9 Valais\/Wallis PromotionH\u00f4tel G\u00e4di Gr\u00e4chen<\/p>\n","protected":false},"author":2,"featured_media":0,"parent":0,"menu_order":0,"comment_status":"closed","ping_status":"closed","template":"","meta":{"_acf_changed":false,"inline_featured_image":false,"footnotes":""},"class_list":["post-4702","page","type-page","status-publish","hentry"],"acf":[],"yoast_head":"<!-- This site is optimized with the Yoast SEO plugin v27.4 - https:\/\/yoast.com\/product\/yoast-seo-wordpress\/ -->\n<title>Mentions l\u00e9gales | H\u00f4tel G\u00e4di Gr\u00e4chen<\/title>\n<meta name=\"description\" content=\"Vous trouverez ici nos mentions l\u00e9gales. Si vous avez des questions, Martin Brigger, M\u00e9lanie Williner et toute l&#039;\u00e9quipe de l&#039;H\u00f4tel G\u00e4di se tiennent \u00e0 votre disposition.\" \/>\n<meta name=\"robots\" content=\"index, follow, max-snippet:-1, max-image-preview:large, max-video-preview:-1\" \/>\n<link rel=\"canonical\" href=\"https:\/\/hotel-gaedi.ch\/fr\/mentions-legales\/\" \/>\n<meta property=\"og:locale\" content=\"fr_FR\" \/>\n<meta property=\"og:type\" content=\"article\" \/>\n<meta property=\"og:title\" content=\"Mentions l\u00e9gales | H\u00f4tel G\u00e4di Gr\u00e4chen\" \/>\n<meta property=\"og:description\" content=\"Vous trouverez ici nos mentions l\u00e9gales. Si vous avez des questions, Martin Brigger, M\u00e9lanie Williner et toute l&#039;\u00e9quipe de l&#039;H\u00f4tel G\u00e4di se tiennent \u00e0 votre disposition.\" \/>\n<meta property=\"og:url\" content=\"https:\/\/hotel-gaedi.ch\/fr\/mentions-legales\/\" \/>\n<meta property=\"og:site_name\" content=\"Hotel G\u00e4di\" \/>\n<meta property=\"article:modified_time\" content=\"2026-04-16T17:48:56+00:00\" \/>\n<meta name=\"twitter:card\" content=\"summary_large_image\" \/>\n<script type=\"application\/ld+json\" class=\"yoast-schema-graph\">{\"@context\":\"https:\\\/\\\/schema.org\",\"@graph\":[{\"@type\":\"WebPage\",\"@id\":\"https:\\\/\\\/hotel-gaedi.ch\\\/fr\\\/mentions-legales\\\/\",\"url\":\"https:\\\/\\\/hotel-gaedi.ch\\\/fr\\\/mentions-legales\\\/\",\"name\":\"Mentions l\u00e9gales | H\u00f4tel G\u00e4di Gr\u00e4chen\",\"isPartOf\":{\"@id\":\"https:\\\/\\\/hotel-gaedi.ch\\\/#website\"},\"datePublished\":\"2022-10-09T15:33:06+00:00\",\"dateModified\":\"2026-04-16T17:48:56+00:00\",\"description\":\"Vous trouverez ici nos mentions l\u00e9gales. Si vous avez des questions, Martin Brigger, M\u00e9lanie Williner et toute l'\u00e9quipe de l'H\u00f4tel G\u00e4di se tiennent \u00e0 votre disposition.\",\"breadcrumb\":{\"@id\":\"https:\\\/\\\/hotel-gaedi.ch\\\/fr\\\/mentions-legales\\\/#breadcrumb\"},\"inLanguage\":\"fr-FR\",\"potentialAction\":[{\"@type\":\"ReadAction\",\"target\":[\"https:\\\/\\\/hotel-gaedi.ch\\\/fr\\\/mentions-legales\\\/\"]}]},{\"@type\":\"BreadcrumbList\",\"@id\":\"https:\\\/\\\/hotel-gaedi.ch\\\/fr\\\/mentions-legales\\\/#breadcrumb\",\"itemListElement\":[{\"@type\":\"ListItem\",\"position\":1,\"name\":\"Home\",\"item\":\"https:\\\/\\\/hotel-gaedi.ch\\\/fr\\\/\"},{\"@type\":\"ListItem\",\"position\":2,\"name\":\"Mentions l\u00e9gales\"}]},{\"@type\":\"WebSite\",\"@id\":\"https:\\\/\\\/hotel-gaedi.ch\\\/#website\",\"url\":\"https:\\\/\\\/hotel-gaedi.ch\\\/\",\"name\":\"Hotel G\u00e4di\",\"description\":\"Ferien im Hotel G\u00e4di - Gr\u00e4chen\",\"potentialAction\":[{\"@type\":\"SearchAction\",\"target\":{\"@type\":\"EntryPoint\",\"urlTemplate\":\"https:\\\/\\\/hotel-gaedi.ch\\\/?s={search_term_string}\"},\"query-input\":{\"@type\":\"PropertyValueSpecification\",\"valueRequired\":true,\"valueName\":\"search_term_string\"}}],\"inLanguage\":\"fr-FR\"}]}<\/script>\n<!-- \/ Yoast SEO plugin. -->","yoast_head_json":{"title":"Mentions l\u00e9gales | H\u00f4tel G\u00e4di Gr\u00e4chen","description":"Vous trouverez ici nos mentions l\u00e9gales. Si vous avez des questions, Martin Brigger, M\u00e9lanie Williner et toute l'\u00e9quipe de l'H\u00f4tel G\u00e4di se tiennent \u00e0 votre disposition.","robots":{"index":"index","follow":"follow","max-snippet":"max-snippet:-1","max-image-preview":"max-image-preview:large","max-video-preview":"max-video-preview:-1"},"canonical":"https:\/\/hotel-gaedi.ch\/fr\/mentions-legales\/","og_locale":"fr_FR","og_type":"article","og_title":"Mentions l\u00e9gales | H\u00f4tel G\u00e4di Gr\u00e4chen","og_description":"Vous trouverez ici nos mentions l\u00e9gales. Si vous avez des questions, Martin Brigger, M\u00e9lanie Williner et toute l'\u00e9quipe de l'H\u00f4tel G\u00e4di se tiennent \u00e0 votre disposition.","og_url":"https:\/\/hotel-gaedi.ch\/fr\/mentions-legales\/","og_site_name":"Hotel G\u00e4di","article_modified_time":"2026-04-16T17:48:56+00:00","twitter_card":"summary_large_image","schema":{"@context":"https:\/\/schema.org","@graph":[{"@type":"WebPage","@id":"https:\/\/hotel-gaedi.ch\/fr\/mentions-legales\/","url":"https:\/\/hotel-gaedi.ch\/fr\/mentions-legales\/","name":"Mentions l\u00e9gales | H\u00f4tel G\u00e4di Gr\u00e4chen","isPartOf":{"@id":"https:\/\/hotel-gaedi.ch\/#website"},"datePublished":"2022-10-09T15:33:06+00:00","dateModified":"2026-04-16T17:48:56+00:00","description":"Vous trouverez ici nos mentions l\u00e9gales. Si vous avez des questions, Martin Brigger, M\u00e9lanie Williner et toute l'\u00e9quipe de l'H\u00f4tel G\u00e4di se tiennent \u00e0 votre disposition.","breadcrumb":{"@id":"https:\/\/hotel-gaedi.ch\/fr\/mentions-legales\/#breadcrumb"},"inLanguage":"fr-FR","potentialAction":[{"@type":"ReadAction","target":["https:\/\/hotel-gaedi.ch\/fr\/mentions-legales\/"]}]},{"@type":"BreadcrumbList","@id":"https:\/\/hotel-gaedi.ch\/fr\/mentions-legales\/#breadcrumb","itemListElement":[{"@type":"ListItem","position":1,"name":"Home","item":"https:\/\/hotel-gaedi.ch\/fr\/"},{"@type":"ListItem","position":2,"name":"Mentions l\u00e9gales"}]},{"@type":"WebSite","@id":"https:\/\/hotel-gaedi.ch\/#website","url":"https:\/\/hotel-gaedi.ch\/","name":"Hotel G\u00e4di","description":"Ferien im Hotel G\u00e4di - Gr\u00e4chen","potentialAction":[{"@type":"SearchAction","target":{"@type":"EntryPoint","urlTemplate":"https:\/\/hotel-gaedi.ch\/?s={search_term_string}"},"query-input":{"@type":"PropertyValueSpecification","valueRequired":true,"valueName":"search_term_string"}}],"inLanguage":"fr-FR"}]}},"_links":{"self":[{"href":"https:\/\/hotel-gaedi.ch\/fr\/wp-json\/wp\/v2\/pages\/4702","targetHints":{"allow":["GET"]}}],"collection":[{"href":"https:\/\/hotel-gaedi.ch\/fr\/wp-json\/wp\/v2\/pages"}],"about":[{"href":"https:\/\/hotel-gaedi.ch\/fr\/wp-json\/wp\/v2\/types\/page"}],"author":[{"embeddable":true,"href":"https:\/\/hotel-gaedi.ch\/fr\/wp-json\/wp\/v2\/users\/2"}],"replies":[{"embeddable":true,"href":"https:\/\/hotel-gaedi.ch\/fr\/wp-json\/wp\/v2\/comments?post=4702"}],"version-history":[{"count":1,"href":"https:\/\/hotel-gaedi.ch\/fr\/wp-json\/wp\/v2\/pages\/4702\/revisions"}],"predecessor-version":[{"id":4704,"href":"https:\/\/hotel-gaedi.ch\/fr\/wp-json\/wp\/v2\/pages\/4702\/revisions\/4704"}],"wp:attachment":[{"href":"https:\/\/hotel-gaedi.ch\/fr\/wp-json\/wp\/v2\/media?parent=4702"}],"curies":[{"name":"wp","href":"https:\/\/api.w.org\/{rel}","templated":true}]}}

Mentions légales

<div class="wp-block-group container introtext-centered-sun-icon-title"><div class="wp-block-group__inner-container is-layout-flow wp-block-group-is-layout-flow">
<div class="wp-block-columns row is-layout-flex wp-container-core-columns-is-layout-9d6595d7 wp-block-columns-is-layout-flex">
<div class="wp-block-column col-12 is-layout-flow wp-block-column-is-layout-flow">
<h1 class="wp-block-heading">Mentions légales</h1>



<p>Derrière l&rsquo;offre « Hotel Gädi » se trouve la société</p>



<p>Hôtel Gädi AG</p>



<p>Martin Brigger &amp; Mélanie Williner<br/>Hôtel Gädi<br/>Bärglistrasse 466<br/>3925 Grächen<br/>Suisse</p>



<p><a href="mailto:info@hotel-gaedi.ch">info@hotel-gaedi.ch</a></p>



<p><strong>Inscription au registre du commerce</strong></p>



<p>Nom de l&rsquo;entreprise enregistrée : Hotel Gädi AG<br/>Numéro : CH-600.3.020.382-0<br/>Office du registre du commerce : Viège<br/>Numéro de TVA CHE-275.649.616</p>



<p><strong>Photos</strong><br/><em>© Valais/Wallis Promotion</em><br/><em>Hôtel Gädi Grächen</em></p>
</div>
</div>
</div></div>

<p>Mentions légales Derrière l&rsquo;offre « Hotel Gädi » se trouve la société Hôtel Gädi AG Martin Brigger &amp; Mélanie WillinerHôtel GädiBärglistrasse 4663925 GrächenSuisse info@hotel-gaedi.ch Inscription au registre du commerce Nom de l&rsquo;entreprise enregistrée : Hotel Gädi AGNuméro : CH-600.3.020.382-0Office du registre du commerce : ViègeNuméro de TVA CHE-275.649.616 Photos© Valais/Wallis PromotionHôtel Gädi Grächen</p>

<!-- This site is optimized with the Yoast SEO plugin v27.4 - https://yoast.com/product/yoast-seo-wordpress/ -->
<title>Mentions légales | Hôtel Gädi Grächen</title>
<meta name="description" content="Vous trouverez ici nos mentions légales. Si vous avez des questions, Martin Brigger, Mélanie Williner et toute l&#039;équipe de l&#039;Hôtel Gädi se tiennent à votre disposition." />
<meta name="robots" content="index, follow, max-snippet:-1, max-image-preview:large, max-video-preview:-1" />
<link rel="canonical" href="https://hotel-gaedi.ch/fr/mentions-legales/" />
<meta property="og:locale" content="fr_FR" />
<meta property="og:type" content="article" />
<meta property="og:title" content="Mentions légales | Hôtel Gädi Grächen" />
<meta property="og:description" content="Vous trouverez ici nos mentions légales. Si vous avez des questions, Martin Brigger, Mélanie Williner et toute l&#039;équipe de l&#039;Hôtel Gädi se tiennent à votre disposition." />
<meta property="og:url" content="https://hotel-gaedi.ch/fr/mentions-legales/" />
<meta property="og:site_name" content="Hotel Gädi" />
<meta property="article:modified_time" content="2026-04-16T17:48:56+00:00" />
<meta name="twitter:card" content="summary_large_image" />
<script type="application/ld+json" class="yoast-schema-graph">{"@context":"https:\/\/schema.org","@graph":[{"@type":"WebPage","@id":"https:\/\/hotel-gaedi.ch\/fr\/mentions-legales\/","url":"https:\/\/hotel-gaedi.ch\/fr\/mentions-legales\/","name":"Mentions légales | Hôtel Gädi Grächen","isPartOf":{"@id":"https:\/\/hotel-gaedi.ch\/#website"},"datePublished":"2022-10-09T15:33:06+00:00","dateModified":"2026-04-16T17:48:56+00:00","description":"Vous trouverez ici nos mentions légales. Si vous avez des questions, Martin Brigger, Mélanie Williner et toute l'équipe de l'Hôtel Gädi se tiennent à votre disposition.","breadcrumb":{"@id":"https:\/\/hotel-gaedi.ch\/fr\/mentions-legales\/#breadcrumb"},"inLanguage":"fr-FR","potentialAction":[{"@type":"ReadAction","target":["https:\/\/hotel-gaedi.ch\/fr\/mentions-legales\/"]}]},{"@type":"BreadcrumbList","@id":"https:\/\/hotel-gaedi.ch\/fr\/mentions-legales\/#breadcrumb","itemListElement":[{"@type":"ListItem","position":1,"name":"Home","item":"https:\/\/hotel-gaedi.ch\/fr\/"},{"@type":"ListItem","position":2,"name":"Mentions légales"}]},{"@type":"WebSite","@id":"https:\/\/hotel-gaedi.ch\/#website","url":"https:\/\/hotel-gaedi.ch\/","name":"Hotel Gädi","description":"Ferien im Hotel Gädi - Grächen","potentialAction":[{"@type":"SearchAction","target":{"@type":"EntryPoint","urlTemplate":"https:\/\/hotel-gaedi.ch\/?s={search_term_string}"},"query-input":{"@type":"PropertyValueSpecification","valueRequired":true,"valueName":"search_term_string"}}],"inLanguage":"fr-FR"}]}</script>
<!-- / Yoast SEO plugin. -->

Mentions légales | Hôtel Gädi Grächen

Vous trouverez ici nos mentions légales. Si vous avez des questions, Martin Brigger, Mélanie Williner et toute l'équipe de l'Hôtel Gädi se tiennent à votre disposition.

Hotel Gädi

Ferien im Hotel Gädi - Grächen
